{"id":5,"date":"2020-07-12T21:26:19","date_gmt":"2020-07-13T02:26:19","guid":{"rendered":"https:\/\/www.calzadobarbarella.com\/website\/home\/"},"modified":"2021-10-20T21:42:04","modified_gmt":"2021-10-21T02:42:04","slug":"home","status":"publish","type":"page","link":"https:\/\/www.calzadobarbarella.com\/website\/","title":{"rendered":"Inicio"},"content":{"rendered":"<div class=\"boldgrid-section\">\n<div class=\"container\">\n<div class=\"row\" style=\"padding-top: 0px; padding-bottom: 10px;\">\n<div class=\"col-md-12 col-sm-12 col-xs-12\">\n<p class=\"\"><a href=\"https:\/\/web.facebook.com\/Calzado-Barbarella-350235941763311\/shop\/Nueva-Colecci%C3%B3n-511937646547150\/?ref_code=mini_shop_page_shop_tab_cta&amp;ref_surface=mini_shop_storefront\"><img loading=\"lazy\" decoding=\"async\" class=\"alignnone wp-image-1144 size-full\" style=\"width: 100%;\" src=\"https:\/\/www.calzadobarbarella.com\/website\/wp-content\/uploads\/2021\/09\/Portadas-FB-Bolicheros.png\" alt=\"Bolicheros ShenoaBarbarella\" width=\"720\" height=\"315\" srcset=\"https:\/\/www.calzadobarbarella.com\/website\/wp-content\/uploads\/2021\/09\/Portadas-FB-Bolicheros.png 720w, https:\/\/www.calzadobarbarella.com\/website\/wp-content\/uploads\/2021\/09\/Portadas-FB-Bolicheros-300x131.png 300w, https:\/\/www.calzadobarbarella.com\/website\/wp-content\/uploads\/2021\/09\/Portadas-FB-Bolicheros-250x109.png 250w, https:\/\/www.calzadobarbarella.com\/website\/wp-content\/uploads\/2021\/09\/Portadas-FB-Bolicheros-550x241.png 550w, https:\/\/www.calzadobarbarella.com\/website\/wp-content\/uploads\/2021\/09\/Portadas-FB-Bolicheros-411x180.png 411w, https:\/\/www.calzadobarbarella.com\/website\/wp-content\/uploads\/2021\/09\/Portadas-FB-Bolicheros-686x300.png 686w\" sizes=\"auto, (max-width: 720px) 100vw, 720px\" \/><\/a><\/p>\n<\/div>\n<\/div>\n<\/div>\n<\/div>\n<div class=\"boldgrid-section\">\n<div class=\"container\"><\/div>\n<\/div>\n<div class=\"boldgrid-section\" style=\"background-size: auto; background-repeat: repeat; background-image: url('https:\/\/www.calzadobarbarella.com\/website\/wp-content\/plugins\/post-and-page-builder\/assets\/image\/patterns\/brilliant.png'); background-color: rgba(255, 255, 255, 0.9);\">\n<div class=\"container\">\n<div class=\"row\">\n<div class=\"col-md-12 col-xs-12 col-sm-12\">\n<h1 class=\"title-main\" style=\"text-align: left;\">Calzado Barbarella<\/h1>\n<h3 class=\"\">CALZADO BARBARELLA se ha dedicado a la fabricaci\u00f3n de botas y botines en cuero para dama, logrando un reconocimiento de producto en el mercado, consolid\u00e1ndose como una de las f\u00e1bricas l\u00edderes del sector.<\/h3>\n<h3>Con el tiempo a migrado a nuevos conceptos de dise\u00f1o, acordes con las nuevas necesidades de nuestros clientes.<\/h3>\n<\/div>\n<\/div>\n<\/div>\n<\/div>\n<div class=\"boldgrid-section\">\n<div class=\"container\">\n<div class=\"row\" style=\"padding-bottom: 0px;\">\n<div class=\"col-md-12 col-xs-12 col-sm-12\">\n<div class=\"mod-divider\">\n<p class=\"\"><a href=\"#1\"><i class=\"fa fa-chevron-circle-down\"><!--icon--><\/i><\/a><\/p>\n<\/div>\n<\/div>\n<\/div>\n<\/div>\n<\/div>\n<div class=\"tmpl-team-2 boldgrid-section dynamic-gridblock background-scroll\" style=\"background-position: 50% 50%; background-size: cover; color: #ffffff; background-image: url('https:\/\/www.calzadobarbarella.com\/website\/wp-content\/uploads\/2021\/09\/ixlibrb-0.3.5q80fmjpgcropentropycstinysrgbw1600h900fitcropsedb092897dfc785a05a635d9a830749e.jpg');\" data-image-url=\"https:\/\/www.calzadobarbarella.com\/website\/wp-content\/uploads\/2021\/09\/ixlibrb-0.3.5q80fmjpgcropentropycstinysrgbw1600h900fitcropsedb092897dfc785a05a635d9a830749e.jpg\">\n<div class=\"container\">\n<div class=\"row bg-background-color color3-background-color color-3-text-contrast\" style=\"padding-top: 0px; padding-bottom: 0px;\">\n<div class=\"col-md-4 col-sm-6 col-xs-12 text-center align-column-center\">\n<div style=\"padding: 20px 15%; border: 1px solid #cecece; margin-top: 100px;\" class=\"bg-box bg-box-edged bg-box-shadow-bottom-right\">\n<p class=\"mod-reset\"><img loading=\"lazy\" decoding=\"async\" class=\"shape circle bg-img alignnone wp-image-1153 size-medium\" style=\"margin-top: -85px; margin-bottom: 20px; border: 2px solid #cecece;\" src=\"https:\/\/www.calzadobarbarella.com\/website\/wp-content\/uploads\/2021\/09\/Portadas-FB-Bolicheros-3-300x131.png\" alt=\"Calzado Shenoa Barbarella\" width=\"300\" height=\"131\" srcset=\"https:\/\/www.calzadobarbarella.com\/website\/wp-content\/uploads\/2021\/09\/Portadas-FB-Bolicheros-3-300x131.png 300w, https:\/\/www.calzadobarbarella.com\/website\/wp-content\/uploads\/2021\/09\/Portadas-FB-Bolicheros-3-250x109.png 250w, https:\/\/www.calzadobarbarella.com\/website\/wp-content\/uploads\/2021\/09\/Portadas-FB-Bolicheros-3-550x241.png 550w, https:\/\/www.calzadobarbarella.com\/website\/wp-content\/uploads\/2021\/09\/Portadas-FB-Bolicheros-3-411x180.png 411w, https:\/\/www.calzadobarbarella.com\/website\/wp-content\/uploads\/2021\/09\/Portadas-FB-Bolicheros-3-686x300.png 686w, https:\/\/www.calzadobarbarella.com\/website\/wp-content\/uploads\/2021\/09\/Portadas-FB-Bolicheros-3.png 720w\" sizes=\"auto, (max-width: 300px) 100vw, 300px\" \/><\/p>\n<h3 class=\"\">Orientados al cliente<\/h3>\n<p class=\"\">Mantener al d\u00eda las tendencias de moda para proponer constantemente nuevas colecciones.<\/p>\n<p class=\"\">Crear colecciones a medida, desarrollamos su idea y la orientamos para el desarrollo de colecciones de acuerdo a las necesidades de cada cliente, basados en la confianza y exclusividad.<\/p>\n<p class=\"\">La prioridad es, entregar los productos en los tiempos pactados y de acuerdo a las necesidades de nuestros clientes.<\/p>\n<\/div>\n<\/div>\n<div class=\"col-md-4 col-sm-6 col-xs-12 text-center\">\n<div style=\"padding: 20px 15%; border: 1px solid #cecece; margin-top: 100px;\" class=\"bg-box bg-box-edged bg-box-shadow-bottom-right\">\n<p class=\"\"><img loading=\"lazy\" decoding=\"async\" class=\"shape circle bg-img alignnone wp-image-1222 size-full\" style=\"margin-top: -85px; margin-bottom: 20px; border: 2px solid #cecece;\" src=\"https:\/\/www.calzadobarbarella.com\/website\/wp-content\/uploads\/2021\/09\/diseno.jpg\" alt=\"dise\u00f1o barbarella\" width=\"186\" height=\"270\" srcset=\"https:\/\/www.calzadobarbarella.com\/website\/wp-content\/uploads\/2021\/09\/diseno.jpg 186w, https:\/\/www.calzadobarbarella.com\/website\/wp-content\/uploads\/2021\/09\/diseno-124x180.jpg 124w\" sizes=\"auto, (max-width: 186px) 100vw, 186px\" \/><\/p>\n<h3>Orientados al producto<\/h3>\n<p>&nbsp;<\/p>\n<p>De la buena relaci\u00f3n con los proveedores, garantizamos que nuestros productos son elaborados con materias primas de muy buena calidad y gran diversidad de materiales.<\/p>\n<p class=\"\">*El trabajo en equipo con los proveedores logramos el desarrollo de materiales con colores y texturas variadas para obtener un producto muy exclusivo.<\/p>\n<p>*El trabajo constante en la investigaci\u00f3n sobre hormas, tacones y suelas, logramos un producto de calidad y confortable.<\/p>\n<p>*Garant\u00eda en todos los productos fabricados.<\/p>\n<\/div>\n<\/div>\n<div class=\"col-md-4 col-sm-12 col-xs-12 text-center\">\n<div style=\"padding: 20px 15%; border: 1px solid #cecece; margin-top: 100px;\" class=\"bg-box bg-box-edged bg-box-shadow-bottom-right\">\n<p class=\"mod-reset\"><img loading=\"lazy\" decoding=\"async\" class=\"shape circle bg-img alignnone wp-image-1220 \" style=\"margin-top: -85px; margin-bottom: 20px; border: 2px solid #cecece;\" src=\"https:\/\/www.calzadobarbarella.com\/website\/wp-content\/uploads\/2021\/09\/BOLICHERO-300x300.png\" alt=\"\" width=\"166\" height=\"166\" srcset=\"https:\/\/www.calzadobarbarella.com\/website\/wp-content\/uploads\/2021\/09\/BOLICHERO-300x300.png 300w, https:\/\/www.calzadobarbarella.com\/website\/wp-content\/uploads\/2021\/09\/BOLICHERO-1024x1024.png 1024w, https:\/\/www.calzadobarbarella.com\/website\/wp-content\/uploads\/2021\/09\/BOLICHERO-150x150.png 150w, https:\/\/www.calzadobarbarella.com\/website\/wp-content\/uploads\/2021\/09\/BOLICHERO-768x768.png 768w, https:\/\/www.calzadobarbarella.com\/website\/wp-content\/uploads\/2021\/09\/BOLICHERO-48x48.png 48w, https:\/\/www.calzadobarbarella.com\/website\/wp-content\/uploads\/2021\/09\/BOLICHERO-250x250.png 250w, https:\/\/www.calzadobarbarella.com\/website\/wp-content\/uploads\/2021\/09\/BOLICHERO-550x550.png 550w, https:\/\/www.calzadobarbarella.com\/website\/wp-content\/uploads\/2021\/09\/BOLICHERO-800x800.png 800w, https:\/\/www.calzadobarbarella.com\/website\/wp-content\/uploads\/2021\/09\/BOLICHERO-180x180.png 180w, https:\/\/www.calzadobarbarella.com\/website\/wp-content\/uploads\/2021\/09\/BOLICHERO-500x500.png 500w, https:\/\/www.calzadobarbarella.com\/website\/wp-content\/uploads\/2021\/09\/BOLICHERO.png 1080w\" sizes=\"auto, (max-width: 166px) 100vw, 166px\" \/><\/p>\n<h3 class=\"\">Responsabilidad social<\/h3>\n<p class=\"\" style=\"margin: 20px 0;\">Ofrecemos un trabajo formal, cumpliendo con la normatividad vigente y ofreciendo a nuestros colaboradores un buen ambiente laboral.<\/p>\n<\/div>\n<\/div>\n<\/div>\n<\/div>\n<\/div>\n<div class=\"boldgrid-section\">\n<div class=\"container\"><\/div>\n<div class=\"boldgrid-section\">\n<div class=\"container\">\n<div class=\"row\">\n<div class=\"col-md-12 col-xs-12 col-sm-12\">\n<div class=\"mod-divider\">\n<p class=\"\"><a href=\"#2\"><i class=\"fa fa-chevron-circle-down\"><!--icon--><\/i><\/a><\/p>\n<\/div>\n<\/div>\n<\/div>\n<\/div>\n<\/div>\n<div class=\"boldgrid-section\">\n<div class=\"container\">\n<div class=\"row\">\n<div class=\"col-md-12 col-xs-12 col-sm-12\">\n<p class=\"mod-space\">&nbsp;<\/p>\n<\/div>\n<\/div>\n<\/div>\n<\/div>\n<div class=\"boldgrid-section\">\n<div class=\"container\">\n<div class=\"row\">\n<div class=\"col-md-5 col-xs-12 col-sm-12\">\n<h2 class=\"\">NUESTRO COMPROMISO CON USTED<\/h2>\n<p class=\"\">Abrimos nuestras puertas en 1982. Desde entonces, la moda ha cambiado mucho, pero nuestro compromiso con nuestros clientes sigue siendo el mismo.<\/p>\n<p class=\"\">Listos para ayudarle a encontrar la moda que est\u00e1 buscando hoy, adaptando nuestros dise\u00f1os a los nuevos cambios.<\/p>\n<p>L\u00edneas de producto<\/p>\n<ul class=\"\" style=\"font-family: 'Roboto Slab'; font-weight: 400; color: #3fd351; font-size: 26px;\" data-font-family=\"Roboto Slab\" data-font-weight=\"400\" data-font-style=\"\">\n<li><span style=\"vertical-align: inherit;\"><span style=\"vertical-align: inherit;\">Barbarella&nbsp;<\/span><\/span><\/li>\n<\/ul>\n<p class=\"\">Botas, Botines y calzado formal<\/p>\n<ul class=\"\" style=\"color: #892be7;\">\n<li><img loading=\"lazy\" decoding=\"async\" class=\"alignnone wp-image-739\" src=\"https:\/\/www.calzadobarbarella.com\/website\/wp-content\/uploads\/2020\/10\/shenoa-logo-2-2-300x103.png\" alt=\"\" width=\"125\" height=\"43\" srcset=\"https:\/\/www.calzadobarbarella.com\/website\/wp-content\/uploads\/2020\/10\/shenoa-logo-2-2-300x103.png 300w, https:\/\/www.calzadobarbarella.com\/website\/wp-content\/uploads\/2020\/10\/shenoa-logo-2-2-1024x351.png 1024w, https:\/\/www.calzadobarbarella.com\/website\/wp-content\/uploads\/2020\/10\/shenoa-logo-2-2-768x263.png 768w, https:\/\/www.calzadobarbarella.com\/website\/wp-content\/uploads\/2020\/10\/shenoa-logo-2-2-1536x526.png 1536w, https:\/\/www.calzadobarbarella.com\/website\/wp-content\/uploads\/2020\/10\/shenoa-logo-2-2-2048x701.png 2048w, https:\/\/www.calzadobarbarella.com\/website\/wp-content\/uploads\/2020\/10\/shenoa-logo-2-2-250x86.png 250w, https:\/\/www.calzadobarbarella.com\/website\/wp-content\/uploads\/2020\/10\/shenoa-logo-2-2-550x188.png 550w, https:\/\/www.calzadobarbarella.com\/website\/wp-content\/uploads\/2020\/10\/shenoa-logo-2-2-800x274.png 800w, https:\/\/www.calzadobarbarella.com\/website\/wp-content\/uploads\/2020\/10\/shenoa-logo-2-2-526x180.png 526w, https:\/\/www.calzadobarbarella.com\/website\/wp-content\/uploads\/2020\/10\/shenoa-logo-2-2-876x300.png 876w, https:\/\/www.calzadobarbarella.com\/website\/wp-content\/uploads\/2020\/10\/shenoa-logo-2-2-1460x500.png 1460w\" sizes=\"auto, (max-width: 125px) 100vw, 125px\" \/><\/li>\n<\/ul>\n<p class=\"\">Botas, botines y calzado casual&nbsp;<\/p>\n<ul class=\"\" style=\"font-family: 'Roboto Slab'; font-weight: 400; color: #185d99; font-size: 25px;\" data-font-family=\"Roboto Slab\" data-font-weight=\"400\" data-font-style=\"\">\n<li>Institucional<\/li>\n<\/ul>\n<p class=\"\">Calzado para hombres y mujeres que hacen parte del personal administrativo.<\/p>\n<p class=\"\">&nbsp;<\/p>\n<\/div>\n<div class=\"col-md-7 col-xs-12 col-sm-12\">\n<div class=\"wc-gallery\"><div id='gallery-1' data-gutter-width='5' data-columns='3' class='gallery wc-gallery-captions-onhover gallery-link-file gallery-masonry galleryid-5 gallery-columns-3 gallery-size-full wc-gallery-bottomspace-default wc-gallery-clear'><div class='gallery-item gallery-item-position-1 gallery-item-attachment-1150'>\n\t\t\t\t<div class='gallery-icon landscape'>\n\t\t\t\t\t<a href='https:\/\/www.calzadobarbarella.com\/website\/wp-content\/uploads\/2021\/09\/6.png' title='6' target='_self'><img loading=\"lazy\" decoding=\"async\" width=\"1200\" height=\"1200\" src=\"https:\/\/www.calzadobarbarella.com\/website\/wp-content\/uploads\/2021\/09\/6.png\" class=\"attachment-full size-full\" alt=\"\" data-attachment-id=\"1150\" srcset=\"https:\/\/www.calzadobarbarella.com\/website\/wp-content\/uploads\/2021\/09\/6.png 1200w, https:\/\/www.calzadobarbarella.com\/website\/wp-content\/uploads\/2021\/09\/6-300x300.png 300w, https:\/\/www.calzadobarbarella.com\/website\/wp-content\/uploads\/2021\/09\/6-1024x1024.png 1024w, https:\/\/www.calzadobarbarella.com\/website\/wp-content\/uploads\/2021\/09\/6-150x150.png 150w, https:\/\/www.calzadobarbarella.com\/website\/wp-content\/uploads\/2021\/09\/6-768x768.png 768w, https:\/\/www.calzadobarbarella.com\/website\/wp-content\/uploads\/2021\/09\/6-48x48.png 48w, https:\/\/www.calzadobarbarella.com\/website\/wp-content\/uploads\/2021\/09\/6-250x250.png 250w, https:\/\/www.calzadobarbarella.com\/website\/wp-content\/uploads\/2021\/09\/6-550x550.png 550w, https:\/\/www.calzadobarbarella.com\/website\/wp-content\/uploads\/2021\/09\/6-800x800.png 800w, https:\/\/www.calzadobarbarella.com\/website\/wp-content\/uploads\/2021\/09\/6-180x180.png 180w, https:\/\/www.calzadobarbarella.com\/website\/wp-content\/uploads\/2021\/09\/6-500x500.png 500w\" sizes=\"auto, (max-width: 1200px) 100vw, 1200px\" \/><\/a>\n\t\t\t\t<\/div><\/div><div class='gallery-item gallery-item-position-2 gallery-item-attachment-153'>\n\t\t\t\t<div class='gallery-icon portrait'>\n\t\t\t\t\t<a href='https:\/\/www.calzadobarbarella.com\/website\/wp-content\/uploads\/2020\/10\/collaje3.jpg' title='collaje3' target='_self'><img loading=\"lazy\" decoding=\"async\" width=\"1026\" height=\"1368\" src=\"https:\/\/www.calzadobarbarella.com\/website\/wp-content\/uploads\/2020\/10\/collaje3.jpg\" class=\"attachment-full size-full\" alt=\"\" data-attachment-id=\"153\" srcset=\"https:\/\/www.calzadobarbarella.com\/website\/wp-content\/uploads\/2020\/10\/collaje3.jpg 1026w, https:\/\/www.calzadobarbarella.com\/website\/wp-content\/uploads\/2020\/10\/collaje3-225x300.jpg 225w, https:\/\/www.calzadobarbarella.com\/website\/wp-content\/uploads\/2020\/10\/collaje3-768x1024.jpg 768w, https:\/\/www.calzadobarbarella.com\/website\/wp-content\/uploads\/2020\/10\/collaje3-250x333.jpg 250w, https:\/\/www.calzadobarbarella.com\/website\/wp-content\/uploads\/2020\/10\/collaje3-550x733.jpg 550w, https:\/\/www.calzadobarbarella.com\/website\/wp-content\/uploads\/2020\/10\/collaje3-800x1067.jpg 800w, https:\/\/www.calzadobarbarella.com\/website\/wp-content\/uploads\/2020\/10\/collaje3-135x180.jpg 135w, https:\/\/www.calzadobarbarella.com\/website\/wp-content\/uploads\/2020\/10\/collaje3-375x500.jpg 375w\" sizes=\"auto, (max-width: 1026px) 100vw, 1026px\" \/><\/a>\n\t\t\t\t<\/div><\/div><div class='gallery-item gallery-item-position-3 gallery-item-attachment-1147'>\n\t\t\t\t<div class='gallery-icon landscape'>\n\t\t\t\t\t<a href='https:\/\/www.calzadobarbarella.com\/website\/wp-content\/uploads\/2021\/09\/3411azul2.png' title='3411azul2' target='_self'><img loading=\"lazy\" decoding=\"async\" width=\"800\" height=\"600\" src=\"https:\/\/www.calzadobarbarella.com\/website\/wp-content\/uploads\/2021\/09\/3411azul2.png\" class=\"attachment-full size-full\" alt=\"\" data-attachment-id=\"1147\" srcset=\"https:\/\/www.calzadobarbarella.com\/website\/wp-content\/uploads\/2021\/09\/3411azul2.png 800w, https:\/\/www.calzadobarbarella.com\/website\/wp-content\/uploads\/2021\/09\/3411azul2-300x225.png 300w, https:\/\/www.calzadobarbarella.com\/website\/wp-content\/uploads\/2021\/09\/3411azul2-768x576.png 768w, https:\/\/www.calzadobarbarella.com\/website\/wp-content\/uploads\/2021\/09\/3411azul2-250x188.png 250w, https:\/\/www.calzadobarbarella.com\/website\/wp-content\/uploads\/2021\/09\/3411azul2-550x413.png 550w, https:\/\/www.calzadobarbarella.com\/website\/wp-content\/uploads\/2021\/09\/3411azul2-240x180.png 240w, https:\/\/www.calzadobarbarella.com\/website\/wp-content\/uploads\/2021\/09\/3411azul2-400x300.png 400w, https:\/\/www.calzadobarbarella.com\/website\/wp-content\/uploads\/2021\/09\/3411azul2-667x500.png 667w\" sizes=\"auto, (max-width: 800px) 100vw, 800px\" \/><\/a>\n\t\t\t\t<\/div><\/div><div class='gallery-item gallery-item-position-4 gallery-item-attachment-152'>\n\t\t\t\t<div class='gallery-icon portrait'>\n\t\t\t\t\t<a href='https:\/\/www.calzadobarbarella.com\/website\/wp-content\/uploads\/2020\/10\/collaje2.jpg' title='collaje2' target='_self'><img loading=\"lazy\" decoding=\"async\" width=\"400\" height=\"600\" src=\"https:\/\/www.calzadobarbarella.com\/website\/wp-content\/uploads\/2020\/10\/collaje2.jpg\" class=\"attachment-full size-full\" alt=\"\" data-attachment-id=\"152\" srcset=\"https:\/\/www.calzadobarbarella.com\/website\/wp-content\/uploads\/2020\/10\/collaje2.jpg 400w, https:\/\/www.calzadobarbarella.com\/website\/wp-content\/uploads\/2020\/10\/collaje2-200x300.jpg 200w, https:\/\/www.calzadobarbarella.com\/website\/wp-content\/uploads\/2020\/10\/collaje2-250x375.jpg 250w, https:\/\/www.calzadobarbarella.com\/website\/wp-content\/uploads\/2020\/10\/collaje2-120x180.jpg 120w, https:\/\/www.calzadobarbarella.com\/website\/wp-content\/uploads\/2020\/10\/collaje2-333x500.jpg 333w\" sizes=\"auto, (max-width: 400px) 100vw, 400px\" \/><\/a>\n\t\t\t\t<\/div><\/div><div class='gallery-item gallery-item-position-5 gallery-item-attachment-1148'>\n\t\t\t\t<div class='gallery-icon landscape'>\n\t\t\t\t\t<a href='https:\/\/www.calzadobarbarella.com\/website\/wp-content\/uploads\/2021\/09\/3485Amar2.png' title='3485Amar2' target='_self'><img loading=\"lazy\" decoding=\"async\" width=\"800\" height=\"752\" src=\"https:\/\/www.calzadobarbarella.com\/website\/wp-content\/uploads\/2021\/09\/3485Amar2.png\" class=\"attachment-full size-full\" alt=\"\" data-attachment-id=\"1148\" srcset=\"https:\/\/www.calzadobarbarella.com\/website\/wp-content\/uploads\/2021\/09\/3485Amar2.png 800w, https:\/\/www.calzadobarbarella.com\/website\/wp-content\/uploads\/2021\/09\/3485Amar2-300x282.png 300w, https:\/\/www.calzadobarbarella.com\/website\/wp-content\/uploads\/2021\/09\/3485Amar2-768x722.png 768w, https:\/\/www.calzadobarbarella.com\/website\/wp-content\/uploads\/2021\/09\/3485Amar2-250x235.png 250w, https:\/\/www.calzadobarbarella.com\/website\/wp-content\/uploads\/2021\/09\/3485Amar2-550x517.png 550w, https:\/\/www.calzadobarbarella.com\/website\/wp-content\/uploads\/2021\/09\/3485Amar2-191x180.png 191w, https:\/\/www.calzadobarbarella.com\/website\/wp-content\/uploads\/2021\/09\/3485Amar2-319x300.png 319w, https:\/\/www.calzadobarbarella.com\/website\/wp-content\/uploads\/2021\/09\/3485Amar2-532x500.png 532w\" sizes=\"auto, (max-width: 800px) 100vw, 800px\" \/><\/a>\n\t\t\t\t<\/div><\/div><div class='gallery-item gallery-item-position-6 gallery-item-attachment-1149'>\n\t\t\t\t<div class='gallery-icon landscape'>\n\t\t\t\t\t<a href='https:\/\/www.calzadobarbarella.com\/website\/wp-content\/uploads\/2021\/09\/3485FoliaMiel1.png' title='3485FoliaMiel1' target='_self'><img loading=\"lazy\" decoding=\"async\" width=\"800\" height=\"600\" src=\"https:\/\/www.calzadobarbarella.com\/website\/wp-content\/uploads\/2021\/09\/3485FoliaMiel1.png\" class=\"attachment-full size-full\" alt=\"\" data-attachment-id=\"1149\" srcset=\"https:\/\/www.calzadobarbarella.com\/website\/wp-content\/uploads\/2021\/09\/3485FoliaMiel1.png 800w, https:\/\/www.calzadobarbarella.com\/website\/wp-content\/uploads\/2021\/09\/3485FoliaMiel1-300x225.png 300w, https:\/\/www.calzadobarbarella.com\/website\/wp-content\/uploads\/2021\/09\/3485FoliaMiel1-768x576.png 768w, https:\/\/www.calzadobarbarella.com\/website\/wp-content\/uploads\/2021\/09\/3485FoliaMiel1-250x188.png 250w, https:\/\/www.calzadobarbarella.com\/website\/wp-content\/uploads\/2021\/09\/3485FoliaMiel1-550x413.png 550w, https:\/\/www.calzadobarbarella.com\/website\/wp-content\/uploads\/2021\/09\/3485FoliaMiel1-240x180.png 240w, https:\/\/www.calzadobarbarella.com\/website\/wp-content\/uploads\/2021\/09\/3485FoliaMiel1-400x300.png 400w, https:\/\/www.calzadobarbarella.com\/website\/wp-content\/uploads\/2021\/09\/3485FoliaMiel1-667x500.png 667w\" sizes=\"auto, (max-width: 800px) 100vw, 800px\" \/><\/a>\n\t\t\t\t<\/div><\/div><div class='gallery-item gallery-item-position-7 gallery-item-attachment-1151'>\n\t\t\t\t<div class='gallery-icon landscape'>\n\t\t\t\t\t<a href='https:\/\/www.calzadobarbarella.com\/website\/wp-content\/uploads\/2021\/09\/8.png' title='8' target='_self'><img loading=\"lazy\" decoding=\"async\" width=\"1200\" height=\"1200\" src=\"https:\/\/www.calzadobarbarella.com\/website\/wp-content\/uploads\/2021\/09\/8.png\" class=\"attachment-full size-full\" alt=\"\" data-attachment-id=\"1151\" srcset=\"https:\/\/www.calzadobarbarella.com\/website\/wp-content\/uploads\/2021\/09\/8.png 1200w, https:\/\/www.calzadobarbarella.com\/website\/wp-content\/uploads\/2021\/09\/8-300x300.png 300w, https:\/\/www.calzadobarbarella.com\/website\/wp-content\/uploads\/2021\/09\/8-1024x1024.png 1024w, https:\/\/www.calzadobarbarella.com\/website\/wp-content\/uploads\/2021\/09\/8-150x150.png 150w, https:\/\/www.calzadobarbarella.com\/website\/wp-content\/uploads\/2021\/09\/8-768x768.png 768w, https:\/\/www.calzadobarbarella.com\/website\/wp-content\/uploads\/2021\/09\/8-48x48.png 48w, https:\/\/www.calzadobarbarella.com\/website\/wp-content\/uploads\/2021\/09\/8-250x250.png 250w, https:\/\/www.calzadobarbarella.com\/website\/wp-content\/uploads\/2021\/09\/8-550x550.png 550w, https:\/\/www.calzadobarbarella.com\/website\/wp-content\/uploads\/2021\/09\/8-800x800.png 800w, https:\/\/www.calzadobarbarella.com\/website\/wp-content\/uploads\/2021\/09\/8-180x180.png 180w, https:\/\/www.calzadobarbarella.com\/website\/wp-content\/uploads\/2021\/09\/8-500x500.png 500w\" sizes=\"auto, (max-width: 1200px) 100vw, 1200px\" \/><\/a>\n\t\t\t\t<\/div><\/div><div class='gallery-item gallery-item-position-8 gallery-item-attachment-1152'>\n\t\t\t\t<div class='gallery-icon landscape'>\n\t\t\t\t\t<a href='https:\/\/www.calzadobarbarella.com\/website\/wp-content\/uploads\/2021\/09\/d3.png' title='d3' target='_self'><img loading=\"lazy\" decoding=\"async\" width=\"940\" height=\"788\" src=\"https:\/\/www.calzadobarbarella.com\/website\/wp-content\/uploads\/2021\/09\/d3.png\" class=\"attachment-full size-full\" alt=\"\" data-attachment-id=\"1152\" srcset=\"https:\/\/www.calzadobarbarella.com\/website\/wp-content\/uploads\/2021\/09\/d3.png 940w, https:\/\/www.calzadobarbarella.com\/website\/wp-content\/uploads\/2021\/09\/d3-300x251.png 300w, https:\/\/www.calzadobarbarella.com\/website\/wp-content\/uploads\/2021\/09\/d3-768x644.png 768w, https:\/\/www.calzadobarbarella.com\/website\/wp-content\/uploads\/2021\/09\/d3-250x210.png 250w, https:\/\/www.calzadobarbarella.com\/website\/wp-content\/uploads\/2021\/09\/d3-550x461.png 550w, https:\/\/www.calzadobarbarella.com\/website\/wp-content\/uploads\/2021\/09\/d3-800x671.png 800w, https:\/\/www.calzadobarbarella.com\/website\/wp-content\/uploads\/2021\/09\/d3-215x180.png 215w, https:\/\/www.calzadobarbarella.com\/website\/wp-content\/uploads\/2021\/09\/d3-358x300.png 358w, https:\/\/www.calzadobarbarella.com\/website\/wp-content\/uploads\/2021\/09\/d3-596x500.png 596w\" sizes=\"auto, (max-width: 940px) 100vw, 940px\" \/><\/a>\n\t\t\t\t<\/div><\/div><\/div>\n<\/div>\n<\/div>\n<\/div>\n<\/div>\n<\/div>\n<div class=\"boldgrid-section\">\n<div class=\"container\">\n<div class=\"row\">\n<div class=\"col-md-12 col-xs-12 col-sm-12\">\n<div class=\"mod-divider\">\n<p class=\"\"><a href=\"#\"><i class=\"fa fa-chevron-circle-down\"><!--icon--><\/i><\/a><\/p>\n<\/div>\n<\/div>\n<\/div>\n<\/div>\n<\/div>\n<\/div>\n","protected":false},"excerpt":{"rendered":"<p>Calzado Barbarella CALZADO BARBARELLA se ha dedicado a la fabricaci\u00f3n de botas y botines en cuero para dama, logrando un reconocimiento de producto en el mercado, consolid\u00e1ndose como una de las f\u00e1bricas l\u00edderes del sector. Con el tiempo a migrado a nuevos conceptos de dise\u00f1o, acordes con las nuevas necesidades de nuestros clientes. Orientados al [&hellip;]<\/p>\n","protected":false},"author":1,"featured_media":1153,"parent":0,"menu_order":0,"comment_status":"closed","ping_status":"closed","template":"page_home.php","meta":{"bgseo_title":"","bgseo_description":"","bgseo_robots_index":"index","bgseo_robots_follow":"follow","footnotes":""},"class_list":["post-5","page","type-page","status-publish","has-post-thumbnail"],"_links":{"self":[{"href":"https:\/\/www.calzadobarbarella.com\/website\/wp-json\/wp\/v2\/pages\/5","targetHints":{"allow":["GET"]}}],"collection":[{"href":"https:\/\/www.calzadobarbarella.com\/website\/wp-json\/wp\/v2\/pages"}],"about":[{"href":"https:\/\/www.calzadobarbarella.com\/website\/wp-json\/wp\/v2\/types\/page"}],"author":[{"embeddable":true,"href":"https:\/\/www.calzadobarbarella.com\/website\/wp-json\/wp\/v2\/users\/1"}],"replies":[{"embeddable":true,"href":"https:\/\/www.calzadobarbarella.com\/website\/wp-json\/wp\/v2\/comments?post=5"}],"version-history":[{"count":10,"href":"https:\/\/www.calzadobarbarella.com\/website\/wp-json\/wp\/v2\/pages\/5\/revisions"}],"predecessor-version":[{"id":1305,"href":"https:\/\/www.calzadobarbarella.com\/website\/wp-json\/wp\/v2\/pages\/5\/revisions\/1305"}],"wp:featuredmedia":[{"embeddable":true,"href":"https:\/\/www.calzadobarbarella.com\/website\/wp-json\/wp\/v2\/media\/1153"}],"wp:attachment":[{"href":"https:\/\/www.calzadobarbarella.com\/website\/wp-json\/wp\/v2\/media?parent=5"}],"curies":[{"name":"wp","href":"https:\/\/api.w.org\/{rel}","templated":true}]}}