{"id":13,"date":"2020-07-12T21:26:20","date_gmt":"2020-07-12T21:26:20","guid":{"rendered":"https:\/\/www.calzadobarbarella.com\/website\/contact-us\/"},"modified":"2021-10-20T22:13:36","modified_gmt":"2021-10-21T03:13:36","slug":"contact-us","status":"publish","type":"page","link":"https:\/\/www.calzadobarbarella.com\/website\/contact-us\/","title":{"rendered":"Contacto"},"content":{"rendered":"<div class=\"tmpl-contact-3 boldgrid-section dynamic-gridblock\" style=\"background-image: linear-gradient(#4ca1af, #c4e0e5);\" data-bg-color-1=\"#4CA1AF\" data-bg-color-2=\"#C4E0E5\" data-bg-direction=\"to bottom\">\n<div class=\"container\">\n<div class=\"row color-3-text-contrast color3-background-color\" style=\"padding-top: 50px; padding-bottom: 50px;\">\n<div class=\"col-md-6 col-xs-12 col-sm-6\" style=\"padding: 1em;\">\n<h2 class=\"\">Cont\u00e1ctenos<\/h2>\n<p class=\"\">Si tiene problemas para encontrarnos, comun\u00edquese con nosotros para obtener m\u00e1s informaci\u00f3n y horarios.<\/p>\n<p class=\"\">Nuestra oficina est\u00e1 ubicada en el barrio Restrepo en la ciudad de Bogot\u00e1<\/p>\n<div class=\"row\" style=\"padding-top: 25px;\">\n<div class=\"col-md-2 col-sm-2 col-xs-2\">\n<p class=\"\" style=\"text-align: center;\"><i class=\"fa fa-map-signs color1-background-color color-1-text-contrast bg-background-color\" style=\"border-radius: 50px; padding: 0.7em; font-size: 20px;\" aria-hidden=\"true\"><span style=\"display: none;\">&nbsp;<\/span><\/i><\/p>\n<\/div>\n<div class=\"col-md-10 col-sm-10 col-xs-10 align-column-center\">\n<div>\n<h3 class=\"\">Cll 17 Sur No. 24B \u2013 15 Barrio Restrepo<\/h3>\n<\/div>\n<\/div>\n<\/div>\n<div class=\"row\" style=\"padding-top: 15px;\">\n<div class=\"col-md-2 col-sm-2 col-xs-2\">\n<p class=\"\" style=\"text-align: center;\"><i class=\"fa fa-phone color1-background-color color-1-text-contrast bg-background-color\" style=\"border-radius: 50px; padding: 0.7em; font-size: 20px;\" aria-hidden=\"true\"><span style=\"display: none;\">&nbsp;<\/span><\/i><\/p>\n<\/div>\n<div class=\"col-md-10 col-sm-10 col-xs-10 align-column-center\">\n<div>\n<h3 class=\"\" data-font-weight=\"600\">(57) 6018088023&nbsp; \u2013 3102071285 \u2013 3124234803<\/h3>\n<\/div>\n<\/div>\n<\/div>\n<div class=\"row\" style=\"padding-top: 15px; padding-bottom: 25px;\">\n<div class=\"col-md-2 col-sm-2 col-xs-2\">\n<p class=\"\" style=\"text-align: center;\"><i class=\"fa fa-envelope color1-background-color color-1-text-contrast bg-background-color\" style=\"border-radius: 50px; padding: 0.7em; font-size: 20px;\" aria-hidden=\"true\"><span style=\"display: none;\">&nbsp;<\/span><\/i><\/p>\n<\/div>\n<div class=\"col-md-10 col-sm-10 col-xs-10 align-column-center\">\n<div>\n<p><span style=\"color: #333333;\">&nbsp;Info@calzadobarbarella.com&nbsp; rdecordero@calzadobarbarella.com<\/span><\/p>\n<\/div>\n<\/div>\n<\/div>\n<\/div>\n<div class=\"col-md-6 col-xs-12 col-sm-6\" style=\"padding: 1em;\">\n<p class=\"boldgrid-google-maps\" style=\"width: 100%; height: 200px;\"><iframe style=\"width: 100%; height: 100%;\" src=\"https:\/\/maps.google.com\/maps?q=Cll+17+Sur+No.+24B+-+15+Barrio+Restrepo&amp;t=m&amp;z=16&amp;output=embed\" frameborder=\"0\"><\/iframe><\/p>\n<\/div>\n<\/div>\n<\/div>\n<\/div>\n<div class=\"boldgrid-section\" style=\"background-image: linear-gradient(#4ca1af, #c4e0e5);\" data-bg-color-1=\"#4CA1AF\" data-bg-color-2=\"#C4E0E5\" data-bg-direction=\"to bottom\">\n<div class=\"container\">\n<div class=\"row\" style=\"background-image: linear-gradient(#4ca1af, #c4e0e5);\" data-bg-color-1=\"#4CA1AF\" data-bg-color-2=\"#C4E0E5\" data-bg-direction=\"to bottom\">\n<div class=\"col-md-6 col-xs-12 col-sm-12\">\n<h3 class=\"\">Ponerse en contacto<\/h3>\n<div class=\"boldgrid-shortcode wpforms-shortcode\" data-imhwpb-draggable=\"true\">\n<div class=\"wpforms-container wpforms-container-full\" id=\"wpforms-465\"><form id=\"wpforms-form-465\" class=\"wpforms-validate wpforms-form\" data-formid=\"465\" method=\"post\" enctype=\"multipart\/form-data\" action=\"\/website\/wp-json\/wp\/v2\/pages\/13\" data-token=\"93cc3b390e9b4056344eaa681ce8a70d\" data-token-time=\"1776284419\"><noscript class=\"wpforms-error-noscript\">Por favor, activa JavaScript en tu navegador para completar este formulario.<\/noscript><div class=\"wpforms-field-container\"><div id=\"wpforms-465-field_0-container\" class=\"wpforms-field wpforms-field-name\" data-field-id=\"0\"><label class=\"wpforms-field-label\">Nombre y apellidos  <span class=\"wpforms-required-label\">*<\/span><\/label><div class=\"wpforms-field-row wpforms-field-medium\"><div class=\"wpforms-field-row-block wpforms-first wpforms-one-half\"><input type=\"text\" id=\"wpforms-465-field_0\" class=\"wpforms-field-name-first wpforms-field-required\" name=\"wpforms[fields][0][first]\" required><label for=\"wpforms-465-field_0\" class=\"wpforms-field-sublabel after\">Nombre<\/label><\/div><div class=\"wpforms-field-row-block wpforms-one-half\"><input type=\"text\" id=\"wpforms-465-field_0-last\" class=\"wpforms-field-name-last wpforms-field-required\" name=\"wpforms[fields][0][last]\" required><label for=\"wpforms-465-field_0-last\" class=\"wpforms-field-sublabel after\">Apellidos<\/label><\/div><\/div><\/div><div id=\"wpforms-465-field_1-container\" class=\"wpforms-field wpforms-field-email\" data-field-id=\"1\"><label class=\"wpforms-field-label\" for=\"wpforms-465-field_1\">Email <span class=\"wpforms-required-label\">*<\/span><\/label><input type=\"email\" id=\"wpforms-465-field_1\" class=\"wpforms-field-medium wpforms-field-required\" name=\"wpforms[fields][1]\" spellcheck=\"false\" required><\/div><div id=\"wpforms-465-field_2-container\" class=\"wpforms-field wpforms-field-textarea\" data-field-id=\"2\"><label class=\"wpforms-field-label\" for=\"wpforms-465-field_2\">Mensaje <span class=\"wpforms-required-label\">*<\/span><\/label><textarea id=\"wpforms-465-field_2\" class=\"wpforms-field-small wpforms-field-required\" name=\"wpforms[fields][2]\" required><\/textarea><\/div><div id=\"wpforms-465-field_3-container\" class=\"wpforms-field wpforms-field-number\" data-field-id=\"3\"><label class=\"wpforms-field-label\" for=\"wpforms-465-field_3\">Telefono <span class=\"wpforms-required-label\">*<\/span><\/label><input type=\"number\" id=\"wpforms-465-field_3\" class=\"wpforms-field-small wpforms-field-required\" name=\"wpforms[fields][3]\" step=\"any\" required><\/div><div id=\"wpforms-465-field_6-container\" class=\"wpforms-field wpforms-field-name\" data-field-id=\"6\"><label class=\"wpforms-field-label\" for=\"wpforms-465-field_6\">Empresa <span class=\"wpforms-required-label\">*<\/span><\/label><input type=\"text\" id=\"wpforms-465-field_6\" class=\"wpforms-field-small wpforms-field-required\" name=\"wpforms[fields][6]\" required><\/div><\/div><!-- .wpforms-field-container --><div class=\"wpforms-submit-container\" ><input type=\"hidden\" name=\"wpforms[id]\" value=\"465\"><input type=\"hidden\" name=\"page_title\" value=\"\"><input type=\"hidden\" name=\"page_url\" value=\"https:\/\/www.calzadobarbarella.com\/website\/wp-json\/wp\/v2\/pages\/13\"><input type=\"hidden\" name=\"url_referer\" value=\"\"><button type=\"submit\" name=\"wpforms[submit]\" id=\"wpforms-submit-465\" class=\"wpforms-submit\" data-alt-text=\"Sending...\" data-submit-text=\"Enviar\" aria-live=\"assertive\" value=\"wpforms-submit\">Enviar<\/button><\/div><\/form><\/div>  <!-- .wpforms-container -->\n<\/div>\n<p class=\"\">&nbsp;<\/p>\n<\/div>\n<p>&nbsp;<\/p>\n<\/div>\n<\/div>\n<\/div>\n","protected":false},"excerpt":{"rendered":"<p>Cont\u00e1ctenos Si tiene problemas para encontrarnos, comun\u00edquese con nosotros para obtener m\u00e1s informaci\u00f3n y horarios. Nuestra oficina est\u00e1 ubicada en el barrio Restrepo en la ciudad de Bogot\u00e1 &nbsp; Cll 17 Sur No. 24B \u2013 15 Barrio Restrepo &nbsp; (57) 6018088023&nbsp; \u2013 3102071285 \u2013 3124234803 &nbsp; &nbsp;Info@calzadobarbarella.com&nbsp; rdecordero@calzadobarbarella.com Ponerse en contacto &nbsp; &nbsp;<\/p>\n","protected":false},"author":1,"featured_media":0,"parent":0,"menu_order":0,"comment_status":"closed","ping_status":"closed","template":"","meta":{"bgseo_title":"","bgseo_description":"","bgseo_robots_index":"index","bgseo_robots_follow":"follow","footnotes":""},"class_list":["post-13","page","type-page","status-publish"],"_links":{"self":[{"href":"https:\/\/www.calzadobarbarella.com\/website\/wp-json\/wp\/v2\/pages\/13","targetHints":{"allow":["GET"]}}],"collection":[{"href":"https:\/\/www.calzadobarbarella.com\/website\/wp-json\/wp\/v2\/pages"}],"about":[{"href":"https:\/\/www.calzadobarbarella.com\/website\/wp-json\/wp\/v2\/types\/page"}],"author":[{"embeddable":true,"href":"https:\/\/www.calzadobarbarella.com\/website\/wp-json\/wp\/v2\/users\/1"}],"replies":[{"embeddable":true,"href":"https:\/\/www.calzadobarbarella.com\/website\/wp-json\/wp\/v2\/comments?post=13"}],"version-history":[{"count":10,"href":"https:\/\/www.calzadobarbarella.com\/website\/wp-json\/wp\/v2\/pages\/13\/revisions"}],"predecessor-version":[{"id":1310,"href":"https:\/\/www.calzadobarbarella.com\/website\/wp-json\/wp\/v2\/pages\/13\/revisions\/1310"}],"wp:attachment":[{"href":"https:\/\/www.calzadobarbarella.com\/website\/wp-json\/wp\/v2\/media?parent=13"}],"curies":[{"name":"wp","href":"https:\/\/api.w.org\/{rel}","templated":true}]}}