{"id":1059,"date":"2020-10-20T18:33:31","date_gmt":"2020-10-20T23:33:31","guid":{"rendered":"https:\/\/www.calzadobarbarella.com\/website\/?page_id=1059"},"modified":"2020-10-21T13:05:19","modified_gmt":"2020-10-21T18:05:19","slug":"botin-shenoa-3398b","status":"publish","type":"page","link":"https:\/\/www.calzadobarbarella.com\/website\/botin-shenoa-3398b\/","title":{"rendered":"Bot\u00edn Shenoa 3398B"},"content":{"rendered":"<div class=\"boldgrid-section\">\n<div class=\"container\">\n<div class=\"row\">\n<div class=\"col-md-12 col-xs-12 col-sm-12\">\n<div class=\"boldgrid-wrap-row boldgrid-slider\" data-config=\"{&quot;arrows&quot;:false,&quot;autoplay&quot;:false,&quot;autoplaySpeed&quot;:&quot;10&quot;,&quot;dots&quot;:true,&quot;infinite&quot;:true,&quot;bgOptions&quot;:{&quot;arrowsPos&quot;:&quot;standard&quot;,&quot;arrowsOverlay&quot;:true,&quot;arrowsBgColor&quot;:&quot;#1a1a1a&quot;,&quot;arrowsIcon&quot;:&quot;angle&quot;,&quot;arrowsSize&quot;:&quot;30&quot;,&quot;dotsPos&quot;:&quot;bottom&quot;,&quot;dotsOverlay&quot;:false,&quot;dotsColor&quot;:&quot;#736cf8&quot;,&quot;dotsSize&quot;:&quot;50&quot;},&quot;colors&quot;:{&quot;arrowsBG&quot;:{&quot;type&quot;:&quot;color&quot;,&quot;value&quot;:&quot;#1a1a1a&quot;,&quot;text&quot;:&quot;#ffffff&quot;},&quot;dotsColor&quot;:{&quot;type&quot;:&quot;color&quot;,&quot;value&quot;:&quot;#736cf8&quot;,&quot;text&quot;:&quot;#1a1a1a&quot;}}}\">\n<div class=\"row\" style=\"width: 100%; display: inline-block;\">\n<div class=\"col-md-12 col-sm-12 col-xs-12\">\n<div class=\"text-center\">\n<p><img loading=\"lazy\" decoding=\"async\" class=\"bg-img bg-img-1 alignnone wp-image-1060\" src=\"https:\/\/www.calzadobarbarella.com\/website\/wp-content\/uploads\/2020\/10\/3398-4-1024x768.png\" alt=\"\" width=\"800\" height=\"600\">&nbsp;<\/p>\n<h4 style=\"margin-top: 25px;\">Bot\u00edn 3398&nbsp;<\/h4>\n<p style=\"margin-bottom: 0;\">Capellada cuero tipo Florantick<\/p>\n<\/div>\n<\/div>\n<\/div>\n<div class=\"row\" style=\"width: 100%; display: inline-block;\">\n<div class=\"col-md-12 col-sm-12 col-xs-12\">\n<div class=\"text-center\">\n<p><img loading=\"lazy\" decoding=\"async\" class=\"bg-img bg-img-1 alignnone wp-image-1061\" src=\"https:\/\/www.calzadobarbarella.com\/website\/wp-content\/uploads\/2020\/10\/3398-1-2.png\" alt=\"\" width=\"594\" height=\"800\">&nbsp;<\/p>\n<h4 style=\"margin-top: 25px;\">Bot\u00edn 3398&nbsp;<\/h4>\n<p style=\"margin-bottom: 0;\">Forro Textil, cremallera externa met\u00e1lica<\/p>\n<\/div>\n<\/div>\n<\/div>\n<div class=\"row\" style=\"width: 100%; display: inline-block;\">\n<div class=\"col-md-12 col-sm-12 col-xs-12\">\n<div class=\"text-center\">\n<p><img loading=\"lazy\" decoding=\"async\" class=\"alignnone wp-image-1062 bg-img bg-img-1\" src=\"https:\/\/www.calzadobarbarella.com\/website\/wp-content\/uploads\/2020\/10\/3398-1-3.png\" alt=\"\" width=\"800\" height=\"523\">&nbsp;<\/p>\n<h4 style=\"margin-top: 25px;\">Bot\u00edn 3398<\/h4>\n<p style=\"margin-bottom: 0;\">Suela TR color humo trasl\u00facido<\/p>\n<\/div>\n<\/div>\n<\/div>\n<div class=\"row\" style=\"width: 100%; display: inline-block;\">\n<div class=\"col-md-12 col-sm-12 col-xs-12\">\n<div class=\"text-center\">\n<p><img loading=\"lazy\" decoding=\"async\" class=\"bg-img bg-img-1 alignnone wp-image-1063 size-full\" src=\"https:\/\/www.calzadobarbarella.com\/website\/wp-content\/uploads\/2020\/10\/3398-2-2.png\" alt=\"\" width=\"573\" height=\"800\">&nbsp;<\/p>\n<h4 style=\"margin-top: 25px;\">Bot\u00edn 3398<\/h4>\n<p style=\"margin-bottom: 0;\">Capellada cuero tipo Florantick, cremallera interna, cord\u00f3n<\/p>\n<\/div>\n<\/div>\n<\/div>\n<div class=\"row\" style=\"width: 100%; display: inline-block;\">\n<div class=\"col-md-12 col-sm-12 col-xs-12\">\n<div class=\"text-center\">\n<p><img loading=\"lazy\" decoding=\"async\" class=\"bg-img bg-img-1 alignnone wp-image-1064\" src=\"https:\/\/www.calzadobarbarella.com\/website\/wp-content\/uploads\/2020\/10\/3398-5JPG-1.jpg\" alt=\"\" width=\"800\" height=\"647\" srcset=\"https:\/\/www.calzadobarbarella.com\/website\/wp-content\/uploads\/2020\/10\/3398-5JPG-1.jpg 1280w, https:\/\/www.calzadobarbarella.com\/website\/wp-content\/uploads\/2020\/10\/3398-5JPG-1-300x243.jpg 300w, https:\/\/www.calzadobarbarella.com\/website\/wp-content\/uploads\/2020\/10\/3398-5JPG-1-1024x828.jpg 1024w, https:\/\/www.calzadobarbarella.com\/website\/wp-content\/uploads\/2020\/10\/3398-5JPG-1-768x621.jpg 768w, https:\/\/www.calzadobarbarella.com\/website\/wp-content\/uploads\/2020\/10\/3398-5JPG-1-250x202.jpg 250w, https:\/\/www.calzadobarbarella.com\/website\/wp-content\/uploads\/2020\/10\/3398-5JPG-1-550x445.jpg 550w, https:\/\/www.calzadobarbarella.com\/website\/wp-content\/uploads\/2020\/10\/3398-5JPG-1-800x647.jpg 800w, https:\/\/www.calzadobarbarella.com\/website\/wp-content\/uploads\/2020\/10\/3398-5JPG-1-223x180.jpg 223w, https:\/\/www.calzadobarbarella.com\/website\/wp-content\/uploads\/2020\/10\/3398-5JPG-1-371x300.jpg 371w, https:\/\/www.calzadobarbarella.com\/website\/wp-content\/uploads\/2020\/10\/3398-5JPG-1-618x500.jpg 618w\" sizes=\"auto, (max-width: 800px) 100vw, 800px\" \/>&nbsp;<\/p>\n<h4 style=\"margin-top: 25px;\">Bot\u00edn 3398<\/h4>\n<p style=\"margin-bottom: 0;\">Forro Textil, suela TR Bi color<\/p>\n<\/div>\n<\/div>\n<\/div>\n<div class=\"row\" style=\"width: 100%; display: inline-block;\">\n<div class=\"col-md-12 col-sm-12 col-xs-12\">\n<div class=\"text-center\">\n<p><img loading=\"lazy\" decoding=\"async\" class=\"bg-img bg-img-1 alignnone wp-image-1065\" src=\"https:\/\/www.calzadobarbarella.com\/website\/wp-content\/uploads\/2020\/10\/3398-6JPG-1-1024x858.jpg\" alt=\"\" width=\"800\" height=\"671\">&nbsp;<\/p>\n<h4 style=\"margin-top: 25px;\">Bot\u00edn 3398<\/h4>\n<h4 style=\"margin-top: 25px;\"><span style=\"font-family: 'Open Sans'; font-size: 14px;\">Capellada cuero tipo Florantick, cremallera met\u00e1lica interna<\/span><\/h4>\n<\/div>\n<\/div>\n<\/div>\n<div class=\"row\" style=\"width: 100%; display: inline-block;\">\n<div class=\"col-md-12 col-sm-12 col-xs-12\">\n<div class=\"text-center\">\n<p><img loading=\"lazy\" decoding=\"async\" class=\"bg-img bg-img-1 alignnone wp-image-1066\" src=\"https:\/\/www.calzadobarbarella.com\/website\/wp-content\/uploads\/2020\/10\/3398-8JPG-1.jpg\" alt=\"\" width=\"800\" height=\"566\" srcset=\"https:\/\/www.calzadobarbarella.com\/website\/wp-content\/uploads\/2020\/10\/3398-8JPG-1.jpg 1280w, https:\/\/www.calzadobarbarella.com\/website\/wp-content\/uploads\/2020\/10\/3398-8JPG-1-300x212.jpg 300w, https:\/\/www.calzadobarbarella.com\/website\/wp-content\/uploads\/2020\/10\/3398-8JPG-1-1024x725.jpg 1024w, https:\/\/www.calzadobarbarella.com\/website\/wp-content\/uploads\/2020\/10\/3398-8JPG-1-768x544.jpg 768w, https:\/\/www.calzadobarbarella.com\/website\/wp-content\/uploads\/2020\/10\/3398-8JPG-1-250x177.jpg 250w, https:\/\/www.calzadobarbarella.com\/website\/wp-content\/uploads\/2020\/10\/3398-8JPG-1-550x389.jpg 550w, https:\/\/www.calzadobarbarella.com\/website\/wp-content\/uploads\/2020\/10\/3398-8JPG-1-800x566.jpg 800w, https:\/\/www.calzadobarbarella.com\/website\/wp-content\/uploads\/2020\/10\/3398-8JPG-1-254x180.jpg 254w, https:\/\/www.calzadobarbarella.com\/website\/wp-content\/uploads\/2020\/10\/3398-8JPG-1-424x300.jpg 424w, https:\/\/www.calzadobarbarella.com\/website\/wp-content\/uploads\/2020\/10\/3398-8JPG-1-706x500.jpg 706w, https:\/\/www.calzadobarbarella.com\/website\/wp-content\/uploads\/2020\/10\/3398-8JPG-1-210x150.jpg 210w\" sizes=\"auto, (max-width: 800px) 100vw, 800px\" \/>&nbsp;<\/p>\n<h4 style=\"margin-top: 25px;\">Bot\u00edn 3398<\/h4>\n<p style=\"margin-bottom: 0;\">Forro textil, cord\u00f3n y suela TR color humo Bicolor<\/p>\n<\/div>\n<\/div>\n<\/div>\n<\/div>\n<p class=\"\" style=\"text-align: right; font-weight: 600; font-size: 16px;\" data-font-weight=\"600\"><a href=\"https:\/\/www.calzadobarbarella.com\/website\/shenoa-botin-2\/\">Shenoa Botin<\/a><\/p>\n<\/div>\n<\/div>\n<\/div>\n<\/div>\n","protected":false},"excerpt":{"rendered":"<p>&nbsp; Bot\u00edn 3398&nbsp; Capellada cuero tipo Florantick &nbsp; Bot\u00edn 3398&nbsp; Forro Textil, cremallera externa met\u00e1lica &nbsp; Bot\u00edn 3398 Suela TR color humo trasl\u00facido &nbsp; Bot\u00edn 3398 Capellada cuero tipo Florantick, cremallera interna, cord\u00f3n &nbsp; Bot\u00edn 3398 Forro Textil, suela TR Bi color &nbsp; Bot\u00edn 3398 Capellada cuero tipo Florantick, cremallera met\u00e1lica interna &nbsp; Bot\u00edn 3398 [&hellip;]<\/p>\n","protected":false},"author":1,"featured_media":0,"parent":0,"menu_order":0,"comment_status":"closed","ping_status":"closed","template":"","meta":{"bgseo_title":"","bgseo_description":"","bgseo_robots_index":"index","bgseo_robots_follow":"follow","footnotes":""},"class_list":["post-1059","page","type-page","status-publish"],"_links":{"self":[{"href":"https:\/\/www.calzadobarbarella.com\/website\/wp-json\/wp\/v2\/pages\/1059","targetHints":{"allow":["GET"]}}],"collection":[{"href":"https:\/\/www.calzadobarbarella.com\/website\/wp-json\/wp\/v2\/pages"}],"about":[{"href":"https:\/\/www.calzadobarbarella.com\/website\/wp-json\/wp\/v2\/types\/page"}],"author":[{"embeddable":true,"href":"https:\/\/www.calzadobarbarella.com\/website\/wp-json\/wp\/v2\/users\/1"}],"replies":[{"embeddable":true,"href":"https:\/\/www.calzadobarbarella.com\/website\/wp-json\/wp\/v2\/comments?post=1059"}],"version-history":[{"count":4,"href":"https:\/\/www.calzadobarbarella.com\/website\/wp-json\/wp\/v2\/pages\/1059\/revisions"}],"predecessor-version":[{"id":1078,"href":"https:\/\/www.calzadobarbarella.com\/website\/wp-json\/wp\/v2\/pages\/1059\/revisions\/1078"}],"wp:attachment":[{"href":"https:\/\/www.calzadobarbarella.com\/website\/wp-json\/wp\/v2\/media?parent=1059"}],"curies":[{"name":"wp","href":"https:\/\/api.w.org\/{rel}","templated":true}]}}